{"id":55,"date":"2023-08-06T11:34:08","date_gmt":"2023-08-06T09:34:08","guid":{"rendered":"http:\/\/destek-bodensee.de\/?page_id=55"},"modified":"2023-09-27T08:12:30","modified_gmt":"2023-09-27T06:12:30","slug":"ueber-uns","status":"publish","type":"page","link":"http:\/\/destek-bodensee.de\/?page_id=55","title":{"rendered":"\u00dcber uns"},"content":{"rendered":"\n<p><strong>Wie ist der Name \u201eDestek-Bodensee\u201c entstanden?<\/strong><\/p>\n\n\n\n<p>Das Wort \u201eDestek\u201c hat im t\u00fcrkischen viele Bedeutungen, die meine Arbeit als Seniorenassistenz und Haushaltshilfe nicht besser beschreiben k\u00f6nnten. Da ich t\u00fcrkische Wurzeln habe, war der Name f\u00fcr mein Unternehmen schnell gefunden. Es gibt mehrere \u00dcbersetzungen, die ich allesamt in meinen Alltag als Seniorenassistenz \u00fcbernehmen kann: <strong>Unterst\u00fctzung, F\u00f6rderung, Halt, Hilfe, F\u00fcrsorge, R\u00fcckhalt, St\u00fctze<\/strong> &#8211; das alles m\u00f6chten wir f\u00fcr Sie sein.<\/p>\n\n\n\n<p><strong>Was genau macht eine Seniorenassistenz?<\/strong><\/p>\n\n\n\n<p>Mittelpunkt der Arbeit ist, Sie darin zu unterst\u00fctzen, dass Sie am gesellschaftlichen Leben teilhaben k\u00f6nnen. Wir begleite Sie bei Unternehmungen, h\u00f6re Ihnen gerne zu und gebe Ihnen Hilfestellung bei allen Herausforderungen Ihres Alltags. Den Ablauf der Begleitung bestimmen Sie \u2013 worin kann ich Sie unterst\u00fctzen, wann ben\u00f6tigen Sie Begleitung oder wie kann ich Ihren Alltag erleichtern? Gerne k\u00f6nnen wir Ihren Bedarf in einem unverbindlichen Kennenlern-Gespr\u00e4ch ermitteln.<\/p>\n\n\n\n<p>Durch die Erg\u00e4nzung meiner zwei Kolleginnen und die Kooperation mit weiteren Unternehmen, k\u00f6nnen wir Ihre Bed\u00fcrfnisse rund um Haushalt und Alltag abdecken.<\/p>\n\n\n\n<div style=\"height:15px\" aria-hidden=\"true\" class=\"wp-block-spacer\"><\/div>\n\n\n\n<h2 class=\"wp-block-heading\">TEAM<\/h2>\n\n\n\n<p><strong>Emine G\u00fcn &#8211; Gesch\u00e4ftsf\u00fchrerin &amp; Inhaberin von Destek Bodensee<\/strong><\/p>\n\n\n\n<div class=\"wp-block-media-text alignwide is-stacked-on-mobile is-image-fill\" style=\"grid-template-columns:36% auto\"><figure class=\"wp-block-media-text__media\" style=\"background-image:url(http:\/\/destek-bodensee.de\/wp-content\/uploads\/2023\/08\/2-4.png);background-position:50% 50%\"><img loading=\"lazy\" decoding=\"async\" width=\"1755\" height=\"1755\" src=\"http:\/\/destek-bodensee.de\/wp-content\/uploads\/2023\/08\/2-4.png\" alt=\"\" class=\"wp-image-148 size-full\" srcset=\"http:\/\/destek-bodensee.de\/wp-content\/uploads\/2023\/08\/2-4.png 1755w, http:\/\/destek-bodensee.de\/wp-content\/uploads\/2023\/08\/2-4-300x300.png 300w, http:\/\/destek-bodensee.de\/wp-content\/uploads\/2023\/08\/2-4-1024x1024.png 1024w, http:\/\/destek-bodensee.de\/wp-content\/uploads\/2023\/08\/2-4-150x150.png 150w, http:\/\/destek-bodensee.de\/wp-content\/uploads\/2023\/08\/2-4-768x768.png 768w, http:\/\/destek-bodensee.de\/wp-content\/uploads\/2023\/08\/2-4-1536x1536.png 1536w, http:\/\/destek-bodensee.de\/wp-content\/uploads\/2023\/08\/2-4-60x60.png 60w\" sizes=\"auto, (max-width: 1755px) 100vw, 1755px\" \/><\/figure><div class=\"wp-block-media-text__content\">\n<p class=\"has-background\" style=\"background-color:#b2ac88\">Mein Name ist <strong>Emine G\u00fcn<\/strong>. Ich lebe mit meiner Familie in Konstanz am Bodensee. Nach meiner Ausbildung zur  Textilmustergestalterin und der Zweitausbildung zur Kauffrau f\u00fcr B\u00fcrokommunikation arbeitete ich 10 Jahre lang im Sekretariat eines Bildungsunternehmens. Anschlie\u00dfend schloss ich meine Coaching-Ausbildung 2002 erfolgreich ab. Nebenbei besuchte ich Kurse zur Finanzbuchhaltung und machte den Ausbilderschein bei der Industrie- und Handelskammer in Konstanz. Danach \u00fcbernahm ich die Personal- und Finanzverantwortung im Familienunternehmen meines Bruders. Neben meiner Arbeit betreute ich viele Jahre eine \u00e4ltere, alleinstehende Dame. Nach ihrem Tod und vielen Jahren im kaufm\u00e4nnischen Bereich stellte ich fest, dass ich nach einer gr\u00f6\u00dferen Erf\u00fcllung im Berufsleben suche. Mit der Ausbildung zur Seniorenassistentin und dem damit verbundenen erste Hilfe Kurs, habe ich meine Leidenschaft nun zum Beruf gemacht und&nbsp;<strong>Destek Bodensee<\/strong>&nbsp;gegr\u00fcndet. Inzwischen betreue ich mehrere Seniorinnen und Senioren rund um Konstanz und freue mich auch Sie bei einem unverbindlichen und kostenlosen Erstgespr\u00e4ch kennenzulernen. Durch mein Team sind wir inzwischen noch breiter aufgestellt und freuen uns darauf Ihren Alltag sch\u00f6ner zu machen. <\/p>\n<\/div><\/div>\n\n\n\n<div class=\"wp-block-media-text alignwide has-media-on-the-right is-stacked-on-mobile is-image-fill\" style=\"grid-template-columns:auto 36%\"><div class=\"wp-block-media-text__content\">\n<p class=\"has-background\" style=\"background-color:#b2ac88\">Coming soon&#8230;<\/p>\n<\/div><figure class=\"wp-block-media-text__media\" style=\"background-image:url(http:\/\/destek-bodensee.de\/wp-content\/uploads\/2023\/08\/cropped-cropped-Logo-1.png);background-position:50% 50%\"><img loading=\"lazy\" decoding=\"async\" width=\"512\" height=\"512\" src=\"http:\/\/destek-bodensee.de\/wp-content\/uploads\/2023\/08\/cropped-cropped-Logo-1.png\" alt=\"\" class=\"wp-image-140 size-full\" srcset=\"http:\/\/destek-bodensee.de\/wp-content\/uploads\/2023\/08\/cropped-cropped-Logo-1.png 512w, http:\/\/destek-bodensee.de\/wp-content\/uploads\/2023\/08\/cropped-cropped-Logo-1-300x300.png 300w, http:\/\/destek-bodensee.de\/wp-content\/uploads\/2023\/08\/cropped-cropped-Logo-1-150x150.png 150w, http:\/\/destek-bodensee.de\/wp-content\/uploads\/2023\/08\/cropped-cropped-Logo-1-60x60.png 60w, http:\/\/destek-bodensee.de\/wp-content\/uploads\/2023\/08\/cropped-cropped-Logo-1-270x270.png 270w, http:\/\/destek-bodensee.de\/wp-content\/uploads\/2023\/08\/cropped-cropped-Logo-1-192x192.png 192w, http:\/\/destek-bodensee.de\/wp-content\/uploads\/2023\/08\/cropped-cropped-Logo-1-180x180.png 180w, http:\/\/destek-bodensee.de\/wp-content\/uploads\/2023\/08\/cropped-cropped-Logo-1-32x32.png 32w\" sizes=\"auto, (max-width: 512px) 100vw, 512px\" \/><\/figure><\/div>\n\n\n\n<div class=\"wp-block-media-text alignwide is-stacked-on-mobile is-image-fill\" style=\"grid-template-columns:36% auto\"><figure class=\"wp-block-media-text__media\" style=\"background-image:url(http:\/\/destek-bodensee.de\/wp-content\/uploads\/2023\/08\/cropped-cropped-Logo-1.png);background-position:50% 50%\"><img loading=\"lazy\" decoding=\"async\" width=\"512\" height=\"512\" src=\"http:\/\/destek-bodensee.de\/wp-content\/uploads\/2023\/08\/cropped-cropped-Logo-1.png\" alt=\"\" class=\"wp-image-140 size-full\" srcset=\"http:\/\/destek-bodensee.de\/wp-content\/uploads\/2023\/08\/cropped-cropped-Logo-1.png 512w, http:\/\/destek-bodensee.de\/wp-content\/uploads\/2023\/08\/cropped-cropped-Logo-1-300x300.png 300w, http:\/\/destek-bodensee.de\/wp-content\/uploads\/2023\/08\/cropped-cropped-Logo-1-150x150.png 150w, http:\/\/destek-bodensee.de\/wp-content\/uploads\/2023\/08\/cropped-cropped-Logo-1-60x60.png 60w, http:\/\/destek-bodensee.de\/wp-content\/uploads\/2023\/08\/cropped-cropped-Logo-1-270x270.png 270w, http:\/\/destek-bodensee.de\/wp-content\/uploads\/2023\/08\/cropped-cropped-Logo-1-192x192.png 192w, http:\/\/destek-bodensee.de\/wp-content\/uploads\/2023\/08\/cropped-cropped-Logo-1-180x180.png 180w, http:\/\/destek-bodensee.de\/wp-content\/uploads\/2023\/08\/cropped-cropped-Logo-1-32x32.png 32w\" sizes=\"auto, (max-width: 512px) 100vw, 512px\" \/><\/figure><div class=\"wp-block-media-text__content\">\n<p class=\"has-background\" style=\"background-color:#b2ac88\">Coming soon&#8230;<\/p>\n<\/div><\/div>\n\n\n\n<div style=\"height:15px\" aria-hidden=\"true\" class=\"wp-block-spacer\"><\/div>\n","protected":false},"excerpt":{"rendered":"<p>Wie ist der Name \u201eDestek-Bodensee\u201c entstanden? Das Wort \u201eDestek\u201c hat im t\u00fcrkischen viele Bedeutungen, die meine Arbeit als Seniorenassistenz und Haushaltshilfe nicht besser beschreiben k\u00f6nnten. Da ich t\u00fcrkische Wurzeln habe, &hellip; <\/p>\n","protected":false},"author":1,"featured_media":105,"parent":0,"menu_order":0,"comment_status":"closed","ping_status":"closed","template":"","meta":{"footnotes":""},"class_list":["post-55","page","type-page","status-publish","has-post-thumbnail","hentry"],"_links":{"self":[{"href":"http:\/\/destek-bodensee.de\/index.php?rest_route=\/wp\/v2\/pages\/55","targetHints":{"allow":["GET"]}}],"collection":[{"href":"http:\/\/destek-bodensee.de\/index.php?rest_route=\/wp\/v2\/pages"}],"about":[{"href":"http:\/\/destek-bodensee.de\/index.php?rest_route=\/wp\/v2\/types\/page"}],"author":[{"embeddable":true,"href":"http:\/\/destek-bodensee.de\/index.php?rest_route=\/wp\/v2\/users\/1"}],"replies":[{"embeddable":true,"href":"http:\/\/destek-bodensee.de\/index.php?rest_route=%2Fwp%2Fv2%2Fcomments&post=55"}],"version-history":[{"count":11,"href":"http:\/\/destek-bodensee.de\/index.php?rest_route=\/wp\/v2\/pages\/55\/revisions"}],"predecessor-version":[{"id":228,"href":"http:\/\/destek-bodensee.de\/index.php?rest_route=\/wp\/v2\/pages\/55\/revisions\/228"}],"wp:featuredmedia":[{"embeddable":true,"href":"http:\/\/destek-bodensee.de\/index.php?rest_route=\/wp\/v2\/media\/105"}],"wp:attachment":[{"href":"http:\/\/destek-bodensee.de\/index.php?rest_route=%2Fwp%2Fv2%2Fmedia&parent=55"}],"curies":[{"name":"wp","href":"https:\/\/api.w.org\/{rel}","templated":true}]}}

Über uns

<p><strong>Wie ist der Name „Destek-Bodensee“ entstanden?</strong></p>



<p>Das Wort „Destek“ hat im türkischen viele Bedeutungen, die meine Arbeit als Seniorenassistenz und Haushaltshilfe nicht besser beschreiben könnten. Da ich türkische Wurzeln habe, war der Name für mein Unternehmen schnell gefunden. Es gibt mehrere Übersetzungen, die ich allesamt in meinen Alltag als Seniorenassistenz übernehmen kann: <strong>Unterstützung, Förderung, Halt, Hilfe, Fürsorge, Rückhalt, Stütze</strong> &#8211; das alles möchten wir für Sie sein.</p>



<p><strong>Was genau macht eine Seniorenassistenz?</strong></p>



<p>Mittelpunkt der Arbeit ist, Sie darin zu unterstützen, dass Sie am gesellschaftlichen Leben teilhaben können. Wir begleite Sie bei Unternehmungen, höre Ihnen gerne zu und gebe Ihnen Hilfestellung bei allen Herausforderungen Ihres Alltags. Den Ablauf der Begleitung bestimmen Sie – worin kann ich Sie unterstützen, wann benötigen Sie Begleitung oder wie kann ich Ihren Alltag erleichtern? Gerne können wir Ihren Bedarf in einem unverbindlichen Kennenlern-Gespräch ermitteln.</p>



<p>Durch die Ergänzung meiner zwei Kolleginnen und die Kooperation mit weiteren Unternehmen, können wir Ihre Bedürfnisse rund um Haushalt und Alltag abdecken.</p>



<div style="height:15px" aria-hidden="true" class="wp-block-spacer"></div>



<h2 class="wp-block-heading">TEAM</h2>



<p><strong>Emine Gün &#8211; Geschäftsführerin &amp; Inhaberin von Destek Bodensee</strong></p>



<div class="wp-block-media-text alignwide is-stacked-on-mobile is-image-fill" style="grid-template-columns:36% auto"><figure class="wp-block-media-text__media" style="background-image:url(http://destek-bodensee.de/wp-content/uploads/2023/08/2-4.png);background-position:50% 50%"><img loading="lazy" decoding="async" width="1755" height="1755" src="http://destek-bodensee.de/wp-content/uploads/2023/08/2-4.png" alt="" class="wp-image-148 size-full" srcset="http://destek-bodensee.de/wp-content/uploads/2023/08/2-4.png 1755w, http://destek-bodensee.de/wp-content/uploads/2023/08/2-4-300x300.png 300w, http://destek-bodensee.de/wp-content/uploads/2023/08/2-4-1024x1024.png 1024w, http://destek-bodensee.de/wp-content/uploads/2023/08/2-4-150x150.png 150w, http://destek-bodensee.de/wp-content/uploads/2023/08/2-4-768x768.png 768w, http://destek-bodensee.de/wp-content/uploads/2023/08/2-4-1536x1536.png 1536w, http://destek-bodensee.de/wp-content/uploads/2023/08/2-4-60x60.png 60w" sizes="auto, (max-width: 1755px) 100vw, 1755px" /></figure><div class="wp-block-media-text__content">
<p class="has-background" style="background-color:#b2ac88">Mein Name ist <strong>Emine Gün</strong>. Ich lebe mit meiner Familie in Konstanz am Bodensee. Nach meiner Ausbildung zur  Textilmustergestalterin und der Zweitausbildung zur Kauffrau für Bürokommunikation arbeitete ich 10 Jahre lang im Sekretariat eines Bildungsunternehmens. Anschließend schloss ich meine Coaching-Ausbildung 2002 erfolgreich ab. Nebenbei besuchte ich Kurse zur Finanzbuchhaltung und machte den Ausbilderschein bei der Industrie- und Handelskammer in Konstanz. Danach übernahm ich die Personal- und Finanzverantwortung im Familienunternehmen meines Bruders. Neben meiner Arbeit betreute ich viele Jahre eine ältere, alleinstehende Dame. Nach ihrem Tod und vielen Jahren im kaufmännischen Bereich stellte ich fest, dass ich nach einer größeren Erfüllung im Berufsleben suche. Mit der Ausbildung zur Seniorenassistentin und dem damit verbundenen erste Hilfe Kurs, habe ich meine Leidenschaft nun zum Beruf gemacht und&nbsp;<strong>Destek Bodensee</strong>&nbsp;gegründet. Inzwischen betreue ich mehrere Seniorinnen und Senioren rund um Konstanz und freue mich auch Sie bei einem unverbindlichen und kostenlosen Erstgespräch kennenzulernen. Durch mein Team sind wir inzwischen noch breiter aufgestellt und freuen uns darauf Ihren Alltag schöner zu machen. </p>
</div></div>



<div class="wp-block-media-text alignwide has-media-on-the-right is-stacked-on-mobile is-image-fill" style="grid-template-columns:auto 36%"><div class="wp-block-media-text__content">
<p class="has-background" style="background-color:#b2ac88">Coming soon&#8230;</p>
</div><figure class="wp-block-media-text__media" style="background-image:url(http://destek-bodensee.de/wp-content/uploads/2023/08/cropped-cropped-Logo-1.png);background-position:50% 50%"><img loading="lazy" decoding="async" width="512" height="512" src="http://destek-bodensee.de/wp-content/uploads/2023/08/cropped-cropped-Logo-1.png" alt="" class="wp-image-140 size-full" srcset="http://destek-bodensee.de/wp-content/uploads/2023/08/cropped-cropped-Logo-1.png 512w, http://destek-bodensee.de/wp-content/uploads/2023/08/cropped-cropped-Logo-1-300x300.png 300w, http://destek-bodensee.de/wp-content/uploads/2023/08/cropped-cropped-Logo-1-150x150.png 150w, http://destek-bodensee.de/wp-content/uploads/2023/08/cropped-cropped-Logo-1-60x60.png 60w, http://destek-bodensee.de/wp-content/uploads/2023/08/cropped-cropped-Logo-1-270x270.png 270w, http://destek-bodensee.de/wp-content/uploads/2023/08/cropped-cropped-Logo-1-192x192.png 192w, http://destek-bodensee.de/wp-content/uploads/2023/08/cropped-cropped-Logo-1-180x180.png 180w, http://destek-bodensee.de/wp-content/uploads/2023/08/cropped-cropped-Logo-1-32x32.png 32w" sizes="auto, (max-width: 512px) 100vw, 512px" /></figure></div>



<div class="wp-block-media-text alignwide is-stacked-on-mobile is-image-fill" style="grid-template-columns:36% auto"><figure class="wp-block-media-text__media" style="background-image:url(http://destek-bodensee.de/wp-content/uploads/2023/08/cropped-cropped-Logo-1.png);background-position:50% 50%"><img loading="lazy" decoding="async" width="512" height="512" src="http://destek-bodensee.de/wp-content/uploads/2023/08/cropped-cropped-Logo-1.png" alt="" class="wp-image-140 size-full" srcset="http://destek-bodensee.de/wp-content/uploads/2023/08/cropped-cropped-Logo-1.png 512w, http://destek-bodensee.de/wp-content/uploads/2023/08/cropped-cropped-Logo-1-300x300.png 300w, http://destek-bodensee.de/wp-content/uploads/2023/08/cropped-cropped-Logo-1-150x150.png 150w, http://destek-bodensee.de/wp-content/uploads/2023/08/cropped-cropped-Logo-1-60x60.png 60w, http://destek-bodensee.de/wp-content/uploads/2023/08/cropped-cropped-Logo-1-270x270.png 270w, http://destek-bodensee.de/wp-content/uploads/2023/08/cropped-cropped-Logo-1-192x192.png 192w, http://destek-bodensee.de/wp-content/uploads/2023/08/cropped-cropped-Logo-1-180x180.png 180w, http://destek-bodensee.de/wp-content/uploads/2023/08/cropped-cropped-Logo-1-32x32.png 32w" sizes="auto, (max-width: 512px) 100vw, 512px" /></figure><div class="wp-block-media-text__content">
<p class="has-background" style="background-color:#b2ac88">Coming soon&#8230;</p>
</div></div>



<div style="height:15px" aria-hidden="true" class="wp-block-spacer"></div>

<p>Wie ist der Name „Destek-Bodensee“ entstanden? Das Wort „Destek“ hat im türkischen viele Bedeutungen, die meine Arbeit als Seniorenassistenz und Haushaltshilfe nicht besser beschreiben könnten. Da ich türkische Wurzeln habe, &hellip; </p>
